uppose b = -4*u - 23 + 176, 3*u - 714 = -5*b. List the prime factors of b.
3, 47
Let t = 265 + -113. List the prime factors of t.
2, 19
Let z = 56 + -36. Suppose 5*h = -0*h - z. What are the prime factors of h*(-2)/(-8)*-2?
2
Let v(m) = -43*m + 2. Suppose g + 3 = f, g + 3*f - 8 = -3. List the prime factors of v(g).
3, 5
Let m = 15 + -48. Let b = m + 53. Suppose 3*a = 13 + b. List the prime factors of a.
11
Suppose -3*u + 10 = -u. Suppose -u*o = -o. Suppose o = -x + 5 + 1. What are the prime factors of x?
2, 3
Let z(n) = -8*n - 41. List the prime factors of z(-28).
3, 61
Suppose 4*f - 5*c - 18 = 11, -15 = -5*f + 2*c. Let b be 2 - f - (-41)/1. Suppose 0 = -5*w + b + 18. What are the prime factors of w?
2, 3
Let y = -10 - -184. List the prime factors of y.
2, 3, 29
Suppose j = -2 + 5. Suppose 0 = -j*u - 3, 3*u - 2*u + 71 = 5*a. What are the prime factors of a?
2, 7
Suppose -66 = -5*y + 99. List the prime factors of y.
3, 11
Suppose 0 = 5*x + 175 - 490. Suppose -84 = -0*n - 4*n - 4*g, -2*n + 5*g + x = 0. List the prime factors of n.
2, 3
Let d be (2 + -2)*2/2. Suppose 4*p - p - 45 = d. Suppose -5*f = -2*x + p + 19, -f + 85 = 5*x. List the prime factors of x.
17
What are the prime factors of (-4)/(6 - 4) + 136?
2, 67
Suppose 0 = -4*f + 4, -3*z - f + 62 = f. Let w be (0 + -2)/((-2)/z). List the prime factors of (-2)/(-10) - (-236)/w.
2, 3
Let t(z) = -z**3 - 7*z**2 - 8*z + 11. What are the prime factors of t(-8)?
139
Let r(w) = w**3 + 7*w**2 - 7*w + 8. Let j be r(-8). Suppose j = -4*o + 2 + 6. List the prime factors of o.
2
Let k = 1 - -1. Let p be (0 - 3)/((-1)/k). Suppose -5*m + p*t + 50 = 3*t, -3*m = t - 30. What are the prime factors of m?
2, 5
Let r = 24 + 16. Suppose -2*j + r = 2*j. List the prime factors of j.
2, 5
Suppose -251 = 5*y + 2*c, y + 3*y + 210 = 3*c. Let r = 96 + y. Suppose -4*i - 2 = 2*x - 12, 5*i - r = -5*x. List the prime factors of x.
13
Let q(x) = -2*x - 5. Let j(l) = l**3 + l**2 - l - 2. Let y be j(-2). List the prime factors of q(y).
3
Let x be (-1)/(((-6)/(-2))/(-12)). Let i(z) = -6*z - 1. Let j be i(-1). Suppose -j*d = -c + 4 - 19, d + x*c = 3. List the prime factors of d.
3
Suppose i + 2 = -2*q + 3*i, 0 = 2*q - 4*i - 4. Let k be 3/(q + 1) - -1. Suppose -15 = -3*h - k. What are the prime factors of h?
5
Suppose 4*v + 91 = -121. Let b = v - -82. List the prime factors of b.
29
Suppose 0 = -g - 5, -5*g = -r - r + 321. What are the prime factors of r?
2, 37
Let v = -5 - -7. Let a(f) = f + 6. Let t be a(-6). What are the prime factors of t/v - (-2 + 0)?
2
Suppose 6*k = -5*k + 759. What are the prime factors of k?
3, 23
Let q(d) = 8*d**2 - 8. List the prime factors of q(4).
2, 3, 5
Let v = -7 + 12. Suppose 0 = v*u - 7*u + 54. List the prime factors of u.
3
Let u be 0 + 1 + -2 - -3. Suppose 3*k + 12 = -u*s, 3*k + 3*s = 6*k + 12. Let i = 6 + k. What are the prime factors of i?
2
Let q = -240 - -525. List the prime factors of q.
3, 5, 19
Let d = 14 - 9. Suppose -d*q + 34 + 16 = 0. List the prime factors of q.
2, 5
What are the prime factors of ((-2)/(-3))/(((-65)/(-30))/13)?
2
Let o(m) = m**3 + 5*m**2 + 5*m + 1. Let f be o(-4). List the prime factors of 74/8 + f/12.
3
What are the prime factors of (-4 - 15/(-6))*-96?
2, 3
Suppose 4*r = m + 70 - 9, 4*m = -4*r + 36. List the prime factors of r.
2, 7
Suppose 5*p = 4*p + 35. List the prime factors of p.
5, 7
Let b(u) be the third derivative of -u**6/30 + u**5/30 + u**4/8 + u**3/2 + 2*u**2. Let j be b(-2). Suppose 1 = -3*a + j. List the prime factors of a.
2, 3
Let m(p) = 6*p + 2. Let d = 1 + 1. List the prime factors of m(d).
2, 7
Let o(q) = 8*q + 31. List the prime factors of o(15).
151
Let t(s) = s**2 + 12*s + 14. Let v be t(-11). Suppose v*a = 2*a + 5. What are the prime factors of a?
5
Let c(x) = x**2 + 2*x - 2. Let z be c(-4). Let p = -4 + z. What are the prime factors of p/4*18 + 1?
2, 5
Let t = 6 + -8. Let w be ((-4)/t)/(2/(-12)). Let h = w - -17. What are the prime factors of h?
5
Let a = -53 + 114. What are the prime factors of a?
61
Let w be (-14)/(-5) + 1/5. Suppose -g = -3*l - 0*g + 17, -4*l - w*g + 14 = 0. Suppose -5*p + l + 40 = 0. What are the prime factors of p?
3
Let d(t) = -1 + 9*t - 4 - 2*t - t**2. Let x be d(5). Suppose x*w = -3*f + 30, -2*w + w + 6 = 5*f. What are the prime factors of w?
2, 3
Suppose c - 29 = -4*a, -4*c - a + 20 = -21. List the prime factors of 3 + c - 0/1.
2, 3
Let k(y) = -12*y - 4. Let i(q) = -6*q - 2. Let t(m) = 5*i(m) - 2*k(m). What are the prime factors of t(-2)?
2, 5
Suppose -4 = -2*g + 48. Let d be 5/(-5)*3*6. Let i = g + d. List the prime factors of i.
2
Let t(k) be the first derivative of k**4/4 - k**3/3 + 1. Let r be 24/11 - 16/88. What are the prime factors of t(r)?
2
Let f(j) = -j**3 - 6*j**2 - 5*j + 3. Let g(s) = -s - 6. Let c be g(-7). Suppose -c = -2*x - 3, -5*x = -w. List the prime factors of f(w).
3
Let z = 343 - 215. List the prime factors of z.
2
Let l be -1*1*3/(-1). Let b = l - -4. Suppose -b*y + 20 = -2*y. What are the prime factors of y?
2
Let w(h) = h - 5. Let t = -14 - -5. Let x be w(t). Let y = 32 + x. What are the prime factors of y?
2, 3
Let c be (-60)/(-25) - (-2)/(-5). Suppose 4*o - 3*h - 48 = 5, 0 = c*h - 2. List the prime factors of o.
2, 7
Suppose 155 = -2*d + 389. List the prime factors of d.
3, 13
Suppose 4*b - 63 - 137 = 0. List the prime factors of b.
2, 5
Let o be (-2)/(-3) + 8/6. Suppose -g = 3*y + 12, -5*g + o = -3*y + 8. What are the prime factors of (-1 - (-27)/g)/(-2)?
5
Suppose 2*r + 4*w = 4, -4 = -3*r - 4*w + 8. Suppose -2*n + r + 16 = 0. List the prime factors of (n/(-15))/(2/(-20)).
2
List the prime factors of (-5)/(-20) - 199/(-4).
2, 5
Let p be 1/((-15)/7 - -2). Let k = p + 16. Let n = 13 - k. List the prime factors of n.
2
Let t = 60 + -37. What are the prime factors of t?
23
Suppose 4*d + 3 = -5. Let a be (5 + -2)*d/(-3). Suppose -11 = -a*m + 1. List the prime factors of m.
2, 3
Suppose -3*d + 0*a + 13 = 2*a, 0 = -4*d - a + 14. Suppose -h = -d*h + 6. List the prime factors of h.
3
Suppose -4*z - 2*k + 7186 = 0, -3*k - 7181 = -4*z - 6*k. Let x be (-2)/3 + z/21. Suppose -5*d = 5*g - x, -6*g + g - 6 = -2*d. What are the prime factors of d?
13
Let k be (-1 + 3)/1 - -1. Suppose 4*z - 1 = k*z. List the prime factors of (z - 5)/(-1) - -1.
5
Let k = 56 + 7. What are the prime factors of k?
3, 7
List the prime factors of ((-12870)/(-12))/13 - 2/(-4).
83
Let r = -47 + 99. Let p = 82 - r. List the prime factors of p.
2, 3, 5
Suppose 0 = 17*t - 3*t - 504. List the prime factors of t.
2, 3
Let y(g) = 10*g**3 + 2*g**2 - g - 4. Let b be y(-2). Let t = -43 - b. List the prime factors of t.
31
Let k(y) = -y**3 + y - 15. Let u be k(0). List the prime factors of (5/u)/((-2)/12).
2
Suppose -5*q = -35 - 80. What are the prime factors of q?
23
Suppose 0 = -2*u + 2 + 2. Let b = 2 - u. Suppose q - 2*q + 9 = b. List the prime factors of q.
3
What are the prime factors of 22 + (-3 - (-3 + -3))?
5
Let s(d) = d. Suppose t - 5 = 2*t. Let h(p) = p**2 - 12*p + 5. Let o(c) = t*s(c) - h(c). What are the prime factors of o(5)?
5
Let i(j) = j**2 - 7*j + 8. Let v be i(6). List the prime factors of 4*(1 + v/(-8)).
3
Suppose 4*l = -l + 125. List the prime factors of l.
5
Suppose v - 43 = 5*o, 3*v - 3*o = -0*v + 69. List the prime factors of v.
2, 3
Let a(b) = 8*b**2 + 4*b - 25. What are the prime factors of a(6)?
7, 41
Let t = -35 - -14. Let h be t*-1*2/2. Let k = h + -14. List the prime factors of k.
7
Suppose 260 = -0*k + 3*k - 2*n, -2*n = 2*k - 180. List the prime factors of k.
2, 11
Suppose -4*s + 73 = q, -3 = -2*s - 1. What are the prime factors of q?
3, 23
Let f be (-372)/18 + 2/3. List the prime factors of f/15*42/(-4).
2, 7
Suppose 0 = v + 1 - 4. Suppose -r + 20 = v*c, -36 = -5*r + 3*c - 2*c. What are the prime factors of r?
2
Suppose 0*l = -5*l. Suppose -5*m - 3*c = -0*c - 159, 3*m - 84 = 2*c. Suppose l*z - 52 = -4*z - 3*f, -z - 5*f = -m. What are the prime factors of z?
2, 5
What are the prime factors of (-296)/(-10) + 28/70?
2, 3, 5
Let g(z) = -z**2 - 12*z + 2. List the prime factors of g(-9).
29
Let z(g) = 68*g. What are the prime factors of z(4)?
2, 17
Let y = 80 + 5. List the prime factors of y.
5, 17
Let h(r) = 4 + 5 - 3*r + 4*r. List the prime factors of h(-7).
2
Let k be 0 + 40 + (-3)/1. Suppose 9 = 3*s - 0*s, 2*i